{"id":8847,"date":"2025-07-12T00:31:14","date_gmt":"2025-07-11T22:31:14","guid":{"rendered":"https:\/\/www.associazionegildacersosimo.com\/?page_id=8847"},"modified":"2026-03-16T23:41:44","modified_gmt":"2026-03-16T22:41:44","slug":"temoignages","status":"publish","type":"page","link":"https:\/\/www.associazionegildacersosimo.com\/fr\/temoignages\/","title":{"rendered":"T\u00e9moignages"},"content":{"rendered":"","protected":false},"excerpt":{"rendered":"","protected":false},"author":1,"featured_media":9349,"parent":0,"menu_order":0,"comment_status":"open","ping_status":"closed","template":"","meta":{"footnotes":""},"class_list":["post-8847","page","type-page","status-publish","has-post-thumbnail","hentry"],"yoast_head":"<!-- This site is optimized with the Yoast SEO plugin v28.3 - https:\/\/yoast.com\/product\/yoast-seo-wordpress\/ -->\n<title>T\u00e9moignages - Associazione Gilda Cersosimo<\/title>\n<meta name=\"description\" content=\"T\u00e9moignages sur la vie de Gilda et aussi apr\u00e8s sa Naissance au Ciel\" \/>\n<meta name=\"robots\" content=\"index, follow, max-snippet:-1, max-image-preview:large, max-video-preview:-1\" \/>\n<link rel=\"canonical\" href=\"https:\/\/www.associazionegildacersosimo.com\/fr\/temoignages\/\" \/>\n<meta property=\"og:locale\" content=\"fr_FR\" \/>\n<meta property=\"og:type\" content=\"article\" \/>\n<meta property=\"og:title\" content=\"T\u00e9moignages - Associazione Gilda Cersosimo\" \/>\n<meta property=\"og:description\" content=\"T\u00e9moignages sur la vie de Gilda et aussi apr\u00e8s sa Naissance au Ciel\" \/>\n<meta property=\"og:url\" content=\"https:\/\/www.associazionegildacersosimo.com\/fr\/temoignages\/\" \/>\n<meta property=\"og:site_name\" content=\"Associazione Gilda Cersosimo\" \/>\n<meta property=\"article:publisher\" content=\"https:\/\/www.facebook.com\/profile.php?id=61558868561467\" \/>\n<meta property=\"article:modified_time\" content=\"2026-03-16T22:41:44+00:00\" \/>\n<meta property=\"og:image\" content=\"https:\/\/www.associazionegildacersosimo.com\/wp-content\/uploads\/2025\/02\/WhatsApp-Image-2025-02-13-at-15.04.24.jpeg\" \/>\n\t<meta property=\"og:image:width\" content=\"750\" \/>\n\t<meta property=\"og:image:height\" content=\"917\" \/>\n\t<meta property=\"og:image:type\" content=\"image\/jpeg\" \/>\n<meta name=\"twitter:card\" content=\"summary_large_image\" \/>\n<script type=\"application\/ld+json\" class=\"yoast-schema-graph\">{\"@context\":\"https:\\\/\\\/schema.org\",\"@graph\":[{\"@type\":\"WebPage\",\"@id\":\"https:\\\/\\\/www.associazionegildacersosimo.com\\\/fr\\\/temoignages\\\/\",\"url\":\"https:\\\/\\\/www.associazionegildacersosimo.com\\\/fr\\\/temoignages\\\/\",\"name\":\"T\u00e9moignages - Associazione Gilda Cersosimo\",\"isPartOf\":{\"@id\":\"https:\\\/\\\/www.associazionegildacersosimo.com\\\/fr\\\/#website\"},\"primaryImageOfPage\":{\"@id\":\"https:\\\/\\\/www.associazionegildacersosimo.com\\\/fr\\\/temoignages\\\/#primaryimage\"},\"image\":{\"@id\":\"https:\\\/\\\/www.associazionegildacersosimo.com\\\/fr\\\/temoignages\\\/#primaryimage\"},\"thumbnailUrl\":\"https:\\\/\\\/www.associazionegildacersosimo.com\\\/wp-content\\\/uploads\\\/2025\\\/02\\\/WhatsApp-Image-2025-02-13-at-15.04.24.jpeg\",\"datePublished\":\"2025-07-11T22:31:14+00:00\",\"dateModified\":\"2026-03-16T22:41:44+00:00\",\"description\":\"T\u00e9moignages sur la vie de Gilda et aussi apr\u00e8s sa Naissance au Ciel\",\"breadcrumb\":{\"@id\":\"https:\\\/\\\/www.associazionegildacersosimo.com\\\/fr\\\/temoignages\\\/#breadcrumb\"},\"inLanguage\":\"fr-FR\",\"potentialAction\":[{\"@type\":\"ReadAction\",\"target\":[\"https:\\\/\\\/www.associazionegildacersosimo.com\\\/fr\\\/temoignages\\\/\"]}]},{\"@type\":\"ImageObject\",\"inLanguage\":\"fr-FR\",\"@id\":\"https:\\\/\\\/www.associazionegildacersosimo.com\\\/fr\\\/temoignages\\\/#primaryimage\",\"url\":\"https:\\\/\\\/www.associazionegildacersosimo.com\\\/wp-content\\\/uploads\\\/2025\\\/02\\\/WhatsApp-Image-2025-02-13-at-15.04.24.jpeg\",\"contentUrl\":\"https:\\\/\\\/www.associazionegildacersosimo.com\\\/wp-content\\\/uploads\\\/2025\\\/02\\\/WhatsApp-Image-2025-02-13-at-15.04.24.jpeg\",\"width\":750,\"height\":917},{\"@type\":\"BreadcrumbList\",\"@id\":\"https:\\\/\\\/www.associazionegildacersosimo.com\\\/fr\\\/temoignages\\\/#breadcrumb\",\"itemListElement\":[{\"@type\":\"ListItem\",\"position\":1,\"name\":\"Home\",\"item\":\"https:\\\/\\\/www.associazionegildacersosimo.com\\\/fr\\\/association-gilda-cersosimo\\\/\"},{\"@type\":\"ListItem\",\"position\":2,\"name\":\"T\u00e9moignages\"}]},{\"@type\":\"WebSite\",\"@id\":\"https:\\\/\\\/www.associazionegildacersosimo.com\\\/fr\\\/#website\",\"url\":\"https:\\\/\\\/www.associazionegildacersosimo.com\\\/fr\\\/\",\"name\":\"Associazione Gilda Cersosimo\",\"description\":\"L&#039;importante \u00e8 fare!\",\"publisher\":{\"@id\":\"https:\\\/\\\/www.associazionegildacersosimo.com\\\/fr\\\/#organization\"},\"potentialAction\":[{\"@type\":\"SearchAction\",\"target\":{\"@type\":\"EntryPoint\",\"urlTemplate\":\"https:\\\/\\\/www.associazionegildacersosimo.com\\\/fr\\\/?s={search_term_string}\"},\"query-input\":{\"@type\":\"PropertyValueSpecification\",\"valueRequired\":true,\"valueName\":\"search_term_string\"}}],\"inLanguage\":\"fr-FR\"},{\"@type\":\"Organization\",\"@id\":\"https:\\\/\\\/www.associazionegildacersosimo.com\\\/fr\\\/#organization\",\"name\":\"Associazione Gilda Cersosimo\",\"url\":\"https:\\\/\\\/www.associazionegildacersosimo.com\\\/fr\\\/\",\"logo\":{\"@type\":\"ImageObject\",\"inLanguage\":\"fr-FR\",\"@id\":\"https:\\\/\\\/www.associazionegildacersosimo.com\\\/fr\\\/#\\\/schema\\\/logo\\\/image\\\/\",\"url\":\"https:\\\/\\\/www.associazionegildacersosimo.com\\\/wp-content\\\/uploads\\\/2021\\\/05\\\/logo-associazione-gilda-cersosimo.png\",\"contentUrl\":\"https:\\\/\\\/www.associazionegildacersosimo.com\\\/wp-content\\\/uploads\\\/2021\\\/05\\\/logo-associazione-gilda-cersosimo.png\",\"width\":863,\"height\":862,\"caption\":\"Associazione Gilda Cersosimo\"},\"image\":{\"@id\":\"https:\\\/\\\/www.associazionegildacersosimo.com\\\/fr\\\/#\\\/schema\\\/logo\\\/image\\\/\"},\"sameAs\":[\"https:\\\/\\\/www.facebook.com\\\/profile.php?id=61558868561467\",\"https:\\\/\\\/www.instagram.com\\\/gilda_cersosimo_associazione\\\/\",\"https:\\\/\\\/www.youtube.com\\\/@associazionegildacersosimo\"]}]}<\/script>\n<!-- \/ Yoast SEO plugin. -->","yoast_head_json":{"title":"T\u00e9moignages - Associazione Gilda Cersosimo","description":"T\u00e9moignages sur la vie de Gilda et aussi apr\u00e8s sa Naissance au Ciel","robots":{"index":"index","follow":"follow","max-snippet":"max-snippet:-1","max-image-preview":"max-image-preview:large","max-video-preview":"max-video-preview:-1"},"canonical":"https:\/\/www.associazionegildacersosimo.com\/fr\/temoignages\/","og_locale":"fr_FR","og_type":"article","og_title":"T\u00e9moignages - Associazione Gilda Cersosimo","og_description":"T\u00e9moignages sur la vie de Gilda et aussi apr\u00e8s sa Naissance au Ciel","og_url":"https:\/\/www.associazionegildacersosimo.com\/fr\/temoignages\/","og_site_name":"Associazione Gilda Cersosimo","article_publisher":"https:\/\/www.facebook.com\/profile.php?id=61558868561467","article_modified_time":"2026-03-16T22:41:44+00:00","og_image":[{"width":750,"height":917,"url":"https:\/\/www.associazionegildacersosimo.com\/wp-content\/uploads\/2025\/02\/WhatsApp-Image-2025-02-13-at-15.04.24.jpeg","type":"image\/jpeg"}],"twitter_card":"summary_large_image","schema":{"@context":"https:\/\/schema.org","@graph":[{"@type":"WebPage","@id":"https:\/\/www.associazionegildacersosimo.com\/fr\/temoignages\/","url":"https:\/\/www.associazionegildacersosimo.com\/fr\/temoignages\/","name":"T\u00e9moignages - Associazione Gilda Cersosimo","isPartOf":{"@id":"https:\/\/www.associazionegildacersosimo.com\/fr\/#website"},"primaryImageOfPage":{"@id":"https:\/\/www.associazionegildacersosimo.com\/fr\/temoignages\/#primaryimage"},"image":{"@id":"https:\/\/www.associazionegildacersosimo.com\/fr\/temoignages\/#primaryimage"},"thumbnailUrl":"https:\/\/www.associazionegildacersosimo.com\/wp-content\/uploads\/2025\/02\/WhatsApp-Image-2025-02-13-at-15.04.24.jpeg","datePublished":"2025-07-11T22:31:14+00:00","dateModified":"2026-03-16T22:41:44+00:00","description":"T\u00e9moignages sur la vie de Gilda et aussi apr\u00e8s sa Naissance au Ciel","breadcrumb":{"@id":"https:\/\/www.associazionegildacersosimo.com\/fr\/temoignages\/#breadcrumb"},"inLanguage":"fr-FR","potentialAction":[{"@type":"ReadAction","target":["https:\/\/www.associazionegildacersosimo.com\/fr\/temoignages\/"]}]},{"@type":"ImageObject","inLanguage":"fr-FR","@id":"https:\/\/www.associazionegildacersosimo.com\/fr\/temoignages\/#primaryimage","url":"https:\/\/www.associazionegildacersosimo.com\/wp-content\/uploads\/2025\/02\/WhatsApp-Image-2025-02-13-at-15.04.24.jpeg","contentUrl":"https:\/\/www.associazionegildacersosimo.com\/wp-content\/uploads\/2025\/02\/WhatsApp-Image-2025-02-13-at-15.04.24.jpeg","width":750,"height":917},{"@type":"BreadcrumbList","@id":"https:\/\/www.associazionegildacersosimo.com\/fr\/temoignages\/#breadcrumb","itemListElement":[{"@type":"ListItem","position":1,"name":"Home","item":"https:\/\/www.associazionegildacersosimo.com\/fr\/association-gilda-cersosimo\/"},{"@type":"ListItem","position":2,"name":"T\u00e9moignages"}]},{"@type":"WebSite","@id":"https:\/\/www.associazionegildacersosimo.com\/fr\/#website","url":"https:\/\/www.associazionegildacersosimo.com\/fr\/","name":"Associazione Gilda Cersosimo","description":"L&#039;importante \u00e8 fare!","publisher":{"@id":"https:\/\/www.associazionegildacersosimo.com\/fr\/#organization"},"potentialAction":[{"@type":"SearchAction","target":{"@type":"EntryPoint","urlTemplate":"https:\/\/www.associazionegildacersosimo.com\/fr\/?s={search_term_string}"},"query-input":{"@type":"PropertyValueSpecification","valueRequired":true,"valueName":"search_term_string"}}],"inLanguage":"fr-FR"},{"@type":"Organization","@id":"https:\/\/www.associazionegildacersosimo.com\/fr\/#organization","name":"Associazione Gilda Cersosimo","url":"https:\/\/www.associazionegildacersosimo.com\/fr\/","logo":{"@type":"ImageObject","inLanguage":"fr-FR","@id":"https:\/\/www.associazionegildacersosimo.com\/fr\/#\/schema\/logo\/image\/","url":"https:\/\/www.associazionegildacersosimo.com\/wp-content\/uploads\/2021\/05\/logo-associazione-gilda-cersosimo.png","contentUrl":"https:\/\/www.associazionegildacersosimo.com\/wp-content\/uploads\/2021\/05\/logo-associazione-gilda-cersosimo.png","width":863,"height":862,"caption":"Associazione Gilda Cersosimo"},"image":{"@id":"https:\/\/www.associazionegildacersosimo.com\/fr\/#\/schema\/logo\/image\/"},"sameAs":["https:\/\/www.facebook.com\/profile.php?id=61558868561467","https:\/\/www.instagram.com\/gilda_cersosimo_associazione\/","https:\/\/www.youtube.com\/@associazionegildacersosimo"]}]}},"_links":{"self":[{"href":"https:\/\/www.associazionegildacersosimo.com\/fr\/wp-json\/wp\/v2\/pages\/8847","targetHints":{"allow":["GET"]}}],"collection":[{"href":"https:\/\/www.associazionegildacersosimo.com\/fr\/wp-json\/wp\/v2\/pages"}],"about":[{"href":"https:\/\/www.associazionegildacersosimo.com\/fr\/wp-json\/wp\/v2\/types\/page"}],"author":[{"embeddable":true,"href":"https:\/\/www.associazionegildacersosimo.com\/fr\/wp-json\/wp\/v2\/users\/1"}],"replies":[{"embeddable":true,"href":"https:\/\/www.associazionegildacersosimo.com\/fr\/wp-json\/wp\/v2\/comments?post=8847"}],"version-history":[{"count":1,"href":"https:\/\/www.associazionegildacersosimo.com\/fr\/wp-json\/wp\/v2\/pages\/8847\/revisions"}],"predecessor-version":[{"id":8848,"href":"https:\/\/www.associazionegildacersosimo.com\/fr\/wp-json\/wp\/v2\/pages\/8847\/revisions\/8848"}],"wp:featuredmedia":[{"embeddable":true,"href":"https:\/\/www.associazionegildacersosimo.com\/fr\/wp-json\/wp\/v2\/media\/9349"}],"wp:attachment":[{"href":"https:\/\/www.associazionegildacersosimo.com\/fr\/wp-json\/wp\/v2\/media?parent=8847"}],"curies":[{"name":"wp","href":"https:\/\/api.w.org\/{rel}","templated":true}]}}

Témoignages

<!-- This site is optimized with the Yoast SEO plugin v28.3 - https://yoast.com/product/yoast-seo-wordpress/ -->
<title>Témoignages - Associazione Gilda Cersosimo</title>
<meta name="description" content="Témoignages sur la vie de Gilda et aussi après sa Naissance au Ciel" />
<meta name="robots" content="index, follow, max-snippet:-1, max-image-preview:large, max-video-preview:-1" />
<link rel="canonical" href="https://www.associazionegildacersosimo.com/fr/temoignages/" />
<meta property="og:locale" content="fr_FR" />
<meta property="og:type" content="article" />
<meta property="og:title" content="Témoignages - Associazione Gilda Cersosimo" />
<meta property="og:description" content="Témoignages sur la vie de Gilda et aussi après sa Naissance au Ciel" />
<meta property="og:url" content="https://www.associazionegildacersosimo.com/fr/temoignages/" />
<meta property="og:site_name" content="Associazione Gilda Cersosimo" />
<meta property="article:publisher" content="https://www.facebook.com/profile.php?id=61558868561467" />
<meta property="article:modified_time" content="2026-03-16T22:41:44+00:00" />
<meta property="og:image" content="https://www.associazionegildacersosimo.com/wp-content/uploads/2025/02/WhatsApp-Image-2025-02-13-at-15.04.24.jpeg" />
	<meta property="og:image:width" content="750" />
	<meta property="og:image:height" content="917" />
	<meta property="og:image:type" content="image/jpeg" />
<meta name="twitter:card" content="summary_large_image" />
<script type="application/ld+json" class="yoast-schema-graph">{"@context":"https:\/\/schema.org","@graph":[{"@type":"WebPage","@id":"https:\/\/www.associazionegildacersosimo.com\/fr\/temoignages\/","url":"https:\/\/www.associazionegildacersosimo.com\/fr\/temoignages\/","name":"Témoignages - Associazione Gilda Cersosimo","isPartOf":{"@id":"https:\/\/www.associazionegildacersosimo.com\/fr\/#website"},"primaryImageOfPage":{"@id":"https:\/\/www.associazionegildacersosimo.com\/fr\/temoignages\/#primaryimage"},"image":{"@id":"https:\/\/www.associazionegildacersosimo.com\/fr\/temoignages\/#primaryimage"},"thumbnailUrl":"https:\/\/www.associazionegildacersosimo.com\/wp-content\/uploads\/2025\/02\/WhatsApp-Image-2025-02-13-at-15.04.24.jpeg","datePublished":"2025-07-11T22:31:14+00:00","dateModified":"2026-03-16T22:41:44+00:00","description":"Témoignages sur la vie de Gilda et aussi après sa Naissance au Ciel","breadcrumb":{"@id":"https:\/\/www.associazionegildacersosimo.com\/fr\/temoignages\/#breadcrumb"},"inLanguage":"fr-FR","potentialAction":[{"@type":"ReadAction","target":["https:\/\/www.associazionegildacersosimo.com\/fr\/temoignages\/"]}]},{"@type":"ImageObject","inLanguage":"fr-FR","@id":"https:\/\/www.associazionegildacersosimo.com\/fr\/temoignages\/#primaryimage","url":"https:\/\/www.associazionegildacersosimo.com\/wp-content\/uploads\/2025\/02\/WhatsApp-Image-2025-02-13-at-15.04.24.jpeg","contentUrl":"https:\/\/www.associazionegildacersosimo.com\/wp-content\/uploads\/2025\/02\/WhatsApp-Image-2025-02-13-at-15.04.24.jpeg","width":750,"height":917},{"@type":"BreadcrumbList","@id":"https:\/\/www.associazionegildacersosimo.com\/fr\/temoignages\/#breadcrumb","itemListElement":[{"@type":"ListItem","position":1,"name":"Home","item":"https:\/\/www.associazionegildacersosimo.com\/fr\/association-gilda-cersosimo\/"},{"@type":"ListItem","position":2,"name":"Témoignages"}]},{"@type":"WebSite","@id":"https:\/\/www.associazionegildacersosimo.com\/fr\/#website","url":"https:\/\/www.associazionegildacersosimo.com\/fr\/","name":"Associazione Gilda Cersosimo","description":"L&#039;importante è fare!","publisher":{"@id":"https:\/\/www.associazionegildacersosimo.com\/fr\/#organization"},"potentialAction":[{"@type":"SearchAction","target":{"@type":"EntryPoint","urlTemplate":"https:\/\/www.associazionegildacersosimo.com\/fr\/?s={search_term_string}"},"query-input":{"@type":"PropertyValueSpecification","valueRequired":true,"valueName":"search_term_string"}}],"inLanguage":"fr-FR"},{"@type":"Organization","@id":"https:\/\/www.associazionegildacersosimo.com\/fr\/#organization","name":"Associazione Gilda Cersosimo","url":"https:\/\/www.associazionegildacersosimo.com\/fr\/","logo":{"@type":"ImageObject","inLanguage":"fr-FR","@id":"https:\/\/www.associazionegildacersosimo.com\/fr\/#\/schema\/logo\/image\/","url":"https:\/\/www.associazionegildacersosimo.com\/wp-content\/uploads\/2021\/05\/logo-associazione-gilda-cersosimo.png","contentUrl":"https:\/\/www.associazionegildacersosimo.com\/wp-content\/uploads\/2021\/05\/logo-associazione-gilda-cersosimo.png","width":863,"height":862,"caption":"Associazione Gilda Cersosimo"},"image":{"@id":"https:\/\/www.associazionegildacersosimo.com\/fr\/#\/schema\/logo\/image\/"},"sameAs":["https:\/\/www.facebook.com\/profile.php?id=61558868561467","https:\/\/www.instagram.com\/gilda_cersosimo_associazione\/","https:\/\/www.youtube.com\/@associazionegildacersosimo"]}]}</script>
<!-- / Yoast SEO plugin. -->

Témoignages - Associazione Gilda Cersosimo

Témoignages sur la vie de Gilda et aussi après sa Naissance au Ciel

L&#039;importante è fare!
